) composite?
False
Is -4 + (5 - 2) - -22 prime?
False
Let t(o) = -29*o + 2. Let k(u) = -2*u. Let d be k(-2). Suppose -4*a + 16 = 0, -d*s + a - 10 - 22 = 0. Is t(s) a prime number?
False
Suppose -2*h + 4633 = -5*z, 5*z - z = -4*h + 9224. Is h prime?
True
Let n be (-746)/4*(0 + 2). Let l = -276 + 66. Let u = l - n. Is u a prime number?
True
Let r(z) = 2*z - 8. Let l be r(6). Suppose l*j - 15 = -55. Let t = 20 + j. Is t a composite number?
True
Suppose 0 = -2*v + 75 + 69. Suppose 3*d + 14 = i + i, 4*i + 5*d - v = 0. Is i a prime number?
True
Let r = 1 - -2. Suppose 0*l - l + 61 = -i, -r*l = -i - 179. Is l a prime number?
True
Let v(l) be the first derivative of l**5/20 + 5*l**4/6 + 11*l**3/6 + 11*l**2/2 - 3*l - 4. Let w(q) be the first derivative of v(q). Is w(-8) composite?
True
Let y = -88 + 528. Is (y/12 - -1)*3 a prime number?
True
Suppose 2*v - 142 = -0*v. Let o(x) = -4*x + 2. Let i be o(-4). Let b = v + i. Is b prime?
True
Let c be (-4)/6*-3*4. Suppose -u = -c - 41. Is u a prime number?
False
Is (-1)/((12/(-10444))/3) composite?
True
Let b(c) = 163*c**3 - c**2 + 3*c - 2. Is b(1) a composite number?
False
Suppose 4*s + q = -24, s + 21 = 2*q - 6*q. Let k(b) be the first derivative of -6*b**2 - 7*b - 1. Is k(s) prime?
True
Let u be (-1 + (-1)/(-2))*12. Is 4/u + (-478)/(-6) a prime number?
True
Let a(f) = 4*f**2 - 7*f + 4. Let h be a(4). Let i = -26 + h. Is i prime?
False
Suppose u = 5*u + 5*d - 2207, -3*d = 2*u - 1105. Suppose 155 = -3*l + u. Is l composite?
False
Let m(c) = -44*c**2. Let f be m(-1). Let w = 75 + f. Is w a composite number?
False
Suppose 2*l + 110 = -24. Is l/(-2*(-3)/(-12)) a composite number?
True
Let f be (2 - 95)*14/(-3). Suppose 102 = -4*m + f. Is m a prime number?
True
Let x = 1062 - 497. Is x a prime number?
False
Let v = 10 + -187. Let k be -196*(5/2 + -2). Let d = k - v. Is d prime?
True
Suppose -2*s + 0*s - 5*j + 9 = 0, j = 1. Suppose 2*t + s = t, 30 = g + 3*t. Let r = g + -17. Is r composite?
False
Let t(i) = -i**2 - 8*i - 3. Let w be t(-6). Suppose 4*a + g = w, -5*a + 3*g + 9 = 5*g. Is 22 + (-1 + a - 1) composite?
False
Is (-164282)/(-10) - (2 - (-14)/(-5)) a composite number?
True
Let d = 2094 - 1177. Is d prime?
False
Suppose 12*d = 13*d - 1481. Is d a prime number?
True
Let f(a) = -151*a + 9. Is f(-4) a prime number?
True
Is 412 + (15/3 - 4) a composite number?
True
Let c be 1 - (3 + (-4)/(-2)). Is 267/12 + (-3)/c prime?
True
Let w = -5 - -8. Suppose w*g - 120 = -6. Suppose 5*y = c - g, -y + 210 = 5*c - 58. Is c a composite number?
False
Let c = 740 - -453. Is c a composite number?
False
Suppose -7*c = -2*c - 460. Suppose -5*m + g - 3 = -0, m + 15 = 5*g. Suppose 3*a + 17 - c = m. Is a a prime number?
False
Is 11516/10 + (-69)/15 + 4 prime?
True
Let j(q) = q + 7. Let x be j(-3). Is 2*((-46)/x)/(-1) composite?
False
Let q(c) = 4*c**2 + 2*c + 5. Let y = -1 - -3. Suppose y*j - 20 = -3*j. Is q(j) prime?
False
Suppose 3*s + 2 = s. Let j = s - 5. Let q(x) = x**3 + 8*x**2 + 7*x + 1. Is q(j) prime?
True
Suppose -4*t - 4 = 4*q, -3*t + 1 = 4*q + 2. Suppose 5*o = q*o + 12. Is o prime?
False
Suppose -q + 5 = 2. Suppose -q*n = -n - 124. Let u = n + -25. Is u prime?
True
Let s = 2 + 0. Suppose 4 = s*z, 3*z - 4 = -h + 2*h. Is h/4*(18 - 4) a prime number?
True
Let z(q) be the second derivative of -q**3/6 + q**2/2 + 2*q. Let a be z(-1). Is 79*(a/(-2) - -2) a composite number?
False
Suppose 2*m - 2196 = -m. Is 1/5 + m/15 prime?
False
Let r(l) = 19*l**3 - 5*l**2 + 4*l - 4. Let k be r(3). Suppose 4*z + k = 8*z. Is z prime?
False
Let n(x) = x**2 - x + 7. Let c be (-2)/10 + 1/5. Is n(c) a composite number?
False
Let g(l) = 1337*l**2 - 2*l + 2. Is g(1) a prime number?
False
Let g(x) be the third derivative of -x**7/2520 - x**6/80 + x**5/60 + x**4/8 - x**2. Let c(p) be the second derivative of g(p). Is c(-5) composite?
True
Suppose 0*n = 3*c - 3*n - 5121, 0 = 5*c + 4*n - 8571. Is c a composite number?
True
Suppose -4*b - 4*c = -4, -2*b - 17 = -b - 5*c. Let h = 2 + -1. Is 3 + (b + h)/(-1) composite?
True
Suppose -4 = -5*q + 6. Suppose q*z - 15 = 37. Is z prime?
False
Suppose 0 = -5*n + 85. Let j = 206 - n. Suppose 86 = 5*a - j. Is a prime?
False
Suppose -40 = 3*m + 20. Let t be (m - 1) + (0 - -1). Let w = 29 - t. Is w composite?
True
Suppose 0 = 3*k - 15, -4*h - k + 0*k + 1593 = 0. Is h composite?
False
Let v be (-6)/(-3) + 65 + -1. Suppose -v = -3*u - 0*u. Is u a prime number?
False
Let g be 3 + -4 - (-26 + 1). Suppose f = -2*f + g. Is 196/f*4/2 a prime number?
False
Let s be (54/45)/(3/10). Suppose 0 = -x + s*x - 30. Is x composite?
True
Let j(i) = i**3 - i**2 - 5*i + 3. Let n be j(4). Suppose 0 = 5*m - 3541 + 636. Suppose -c = -4*a + n + 425, 5*a - 4*c = m. Is a a prime number?
True
Suppose -9*a + 6936 - 2355 = 0. Is a prime?
True
Suppose 4*p + p + 4*z = 950, 4*p = -4*z + 760. Suppose 2*l - p = -4*s, -3*l - 7*s = -2*s - 283. Is l prime?
False
Let c be 2 + 0 + 2 + -1. Suppose c*i = -3*r - i - 11, 2*r + 4*i + 14 = 0. Let b = 12 - r. Is b composite?
True
Suppose 5*r - 4*h = -8*h + 16, 11 = 4*r + 5*h. Let t be (-8)/(-3)*9/r. Suppose 0 = -3*a + 12 + t. Is a a composite number?
True
Suppose -4 = 3*d - 5*a - 518, 158 = d + a. Is d a composite number?
False
Let b be (-10)/(-25)*(36 + -1). Suppose -4*p + a = b, -3*p + a = -0*a + 11. Is p/6 + 94/4 a composite number?
False
Let l(y) = 5*y + 4. Let i be (-498)/26 + (-6)/(-39). Let s = -8 - i. Is l(s) a prime number?
True
Suppose u + 200 = -u. Let y = u + 208. Suppose z - 63 = 3*k - 0*k, -2*z = 3*k - y. Is z a composite number?
True
Suppose -14 + 49 = -5*r. Let n = 13 + r. Is 64/3 - (-4)/n composite?
True
Let l(j) = 2 - 3*j + 6*j**2 + 5*j**2 + 3*j + 3*j. Let g be l(-2). Let s = g - -121. Is s a composite number?
True
Suppose 0 = 3*w - 0*w. Is w/1 - -93 - -2 prime?
False
Let d(b) = b + 6. Let a be d(-3). Let u be 1/a*(5 + 1). Suppose -u*g + 34 = -g. Is g a composite number?
True
Let y be (-28)/(-8) - (-1)/(-2). Suppose 19 = i - y. Suppose -2*v + 16 = -i. Is v a composite number?
False
Let q(p) = -p**3 - 6*p**2 - p + 3. Let w(t) = -t**3 - 5*t**2 + 3. Let r(k) = 3*q(k) - 4*w(k). Let i be r(-2). Suppose i*z - 12 = -z. Is z composite?
False
Suppose 12*x + 3038 - 17666 = 0. Is x prime?
False
Suppose 2*r + 12 + 0 = 0. Let a = 8 + r. Is 4/(-6)*(-171)/a composite?
True
Suppose -3*n - 3 = -9*v + 4*v, -3*n + v + 9 = 0. Let x(f) be the third derivative of f**5/60 - 5*f**3/6 + 2*f**2. Is x(n) prime?
True
Is (-1 - (-6)/4)*(-9368)/(-4) a composite number?
False
Suppose -u = -p + 611, 11*u - 6*u - 3075 = -5*p. Is p a prime number?
True
Suppose -4*a - 54 = -278. Suppose a = 4*u - 4*j, -2*j = u + 9 - 38. Is u composite?
False
Let o be 1 + -75 - (0 + 3). Let r = 400 + o. Is r a prime number?
False
Let j be (1 - 340/8)*-4. Suppose 6*f = 4*f + j. Is f a prime number?
True
Let l(k) = 2*k**3 + k**2 - k - 1. Let g be l(-1). Let u be -43 + (-3 - 2/g). Let n = 77 + u. Is n a prime number?
False
Suppose -3*t - t + 477 = g, g = -3*t + 481. Is g composite?
True
Let r(x) = x**2 - 28*x + 32. Is r(-27) composite?
True
Let a(y) = -3*y**3 + 3*y**2 - 2*y - 5. Is a(-3) prime?
True
Suppose -k + 0 = -2. Suppose -k*d + f = -f - 116, 0 = 2*d - f - 121. Let z = d - 38. Is z a prime number?
False
Let n(z) = 3*z - 1. Let i be n(1). Suppose -3*d - i*d = -95. Is d prime?
True
Suppose v + 3*v = -3*w + 44, 2*w = 0. Suppose -4*f + 56 = -24. Let j = v + f. Is j a composite number?
False
Let m be 3719 + (4 - 0)*-1. Suppose 10*z = 5*z + m. Is z prime?
True
Suppose -2*u + u + 4 = 0. Suppose -3*r + 3*o = 9, u*r - o = -6*o + 15. Is 89 + (r - 0/2) prime?
True
Is (-2)/6 - (-2640)/9 composite?
False
Let i = 787 - -844. Is i composite?
True
Let c(m) be the third derivative of -m**5/60 + 5*m**4/24 - m**3/6 - m**2. Let f be c(6). Let x(r) = r**2 + 3*r + 7. Is x(f) a composite number?
True
Suppose 0 = 2*p + t + 322, 7*p + 483 = 4*p - 2*t. Let f = p - -31. Let m = f + 219. Is m a prime number?
True
Suppose n - 287 = -2*n - 2*f, 4*n - 2*f - 392 = 0. Is n composite?
False
Suppose 2*o - 39 - 119 = 0. Let g be (4 - 1) + 1 + 0. Suppose -g*k + 3*k = -o. Is k a composite number?
False
Let h be (6 - 405) + 1 + -4. Let f = -179 - h. Is f prime?
True
Let k(q) = -q + 7. Let c be k(-5). Let v = -7 + c. Suppose v*n - 196 = 139. Is n a composite number?
False
Suppose